Let o(p) = -2*p**2 - 32*p + 3. Determine o(-12).
99
Let u(g) = g**3 + 31*g**2 - 27*g + 19. Determine u(-32).
-141
Let g(p) = 568*p**2 - 19*p - 5. Determine g(1).
544
Let b(a) = -53*a - 535. Give b(-6).
-217
Let o(z) = -1443*z + 8661. Determine o(6).
3
Let l(u) = 566*u - 7932. What is l(14)?
-8
Let i(n) = 481*n + 1942. Calculate i(-4).
18
Let c(a) = -a**3 - 29*a**2 + 441*a - 2086. Calculate c(-41).
5
Let w(p) = p**3 - 46*p**2 + 125*p + 164. What is w(43)?
-8
Let v(c) = -5*c + 24. Calculate v(9).
-21
Let k(a) = 2*a**2 + 275*a + 1781. Determine k(-131).
78
Let u(w) = 165*w**2 + 6273*w + 133. What is u(-38)?
19
Let g(k) = -2*k**3 + k**2 + 177*k + 94. Give g(10).
-36
Let y(a) = -2*a**2 - 21*a - 34. Give y(-9).
-7
Let h(v) = -72*v - 118. What is h(-3)?
98
Let d(r) = -961*r - 34599. Calculate d(-36).
-3
Let k(o) = 19287*o - 675045. Calculate k(35).
0
Let r(c) = -c**3 - 19*c**2 - 213*c - 2306. Determine r(-15).
-11
Let q(c) = -2*c**2 - 55*c - 182. Calculate q(-4).
6
Let a(v) = -138*v - 5574. Give a(-40).
-54
Let t(j) = -j**3 - 35*j**2 + 33*j - 55. Give t(-36).
53
Let p(t) = t**3 + 29*t**2 - 40*t - 27. Calculate p(-30).
273
Let g(r) = -r**3 + 3*r**2 - 29*r + 26. Give g(1).
-1
Let t(q) = -q**3 + 98*q**2 + 95*q + 393. Give t(99).
-3
Let v(n) = 151*n + 5252. Give v(-34).
118
Let i(d) = -229*d + 1848. Determine i(8).
16
Let b(o) = -o**3 + 3*o**2 + 33*o + 18. Determine b(-4).
-2
Let v(d) = d**2 + 472*d + 3718. What is v(-8)?
6
Let p(j) = -j**3 - 106*j**2 - 871*j + 198. Determine p(-97).
4
Let y(h) = -h**3 - 383*h**2 + 2338*h - 25. What is y(6)?
-1
Let k(r) = r**3 - 368*r**2 - 751*r + 4049. Determine k(370).
-21
Let r(l) = 2*l**2 - 68*l + 549. What is r(20)?
-11
Let a(x) = 5*x**2 - 9*x + 78. What is a(9)?
402
Let l(i) = -i**2 - 5*i + 78. Calculate l(8).
-26
Let i(q) = 4*q**2 - 38*q - 159. Give i(13).
23
Let g(z) = 648*z + 1332. Determine g(-2).
36
Let x(c) = c**2 - 6*c + 7. Determine x(3).
-2
Let m(t) = t**3 - 11*t**2 + 8*t - 14. What is m(9)?
-104
Let l(i) = 5*i**2 - 69*i + 217. Give l(10).
27
Let r(l) = 30*l**3 - l**2 + 4*l - 4. Calculate r(1).
29
Let j(d) = -2*d**2 - 120*d + 733. Calculate j(-66).
-59
Let c(q) = 29*q + 58. What is c(9)?
319
Let v(k) = 4*k**2 + 68*k - 315. Calculate v(5).
125
Let f(l) = -1974*l - 7875. Calculate f(-4).
21
Let d(z) = z**2 - 27*z + 14. Give d(17).
-156
Let k(o) = -13*o**3 + 4*o**2 - o - 2. Calculate k(1).
-12
Let t(b) = b**2 - 64*b - 158. What is t(64)?
-158
Let i(y) = -76*y + 5713. Determine i(80).
-367
Let q(k) = -2*k**3 - 26*k**2 - 80*k - 8. What is q(-6)?
-32
Let s(h) = -10*h**2 + 22*h - 69. Give s(4).
-141
Let b(s) = -83*s + 2298. Calculate b(27).
57
Let q(t) = 18*t**2 - 2084*t + 2084. Calculate q(1).
18
Let o(k) = k**3 + 2*k**2 - k + 61. Calculate o(0).
61
Let z(g) = 7*g**2 + 30*g + 53. Give z(-3).
26
Let i(p) = -1377*p - 6888. Calculate i(-5).
-3
Let n(m) = -113*m + 4511. Determine n(40).
-9
Let w(s) = -191*s**3 - 2*s**2 - 2*s - 1. What is w(-1)?
190
Let t(c) = c**2 + 2*c - 5. What is t(10)?
115
Let x(y) = -2*y**3 - 8*y**2 + y. What is x(-3)?
-21
Let y(r) = 1212*r - 7241. Determine y(6).
31
Let q(n) = n**3 - 16*n**2 - 6*n - 198. Determine q(17).
-11
Let h(b) = -9*b**3 + 809*b**2 + 79*b + 994. Calculate h(90).
4
Let z(v) = -562*v + 2247. Determine z(4).
-1
Let y(h) = h**3 - 11*h**2 - 23*h - 27. Determine y(11).
-280
Let h(w) = -3*w**3 + 18*w**2 + 83*w - 2. Determine h(-3).
-8
Let r(t) = -275*t - 3312. What is r(-12)?
-12
Let d(u) = u**2 + 621*u + 3674. Determine d(-6).
-16
Let u(x) = x**3 + 87*x**2 - 458*x + 198. Determine u(-92).
14
Let u(a) = -a**3 + 35*a**2 - a + 37. Give u(35).
2
Let k(s) = -1165*s + 1175. Determine k(1).
10
Let o(a) = 9*a**3 + a**2 - 8*a - 11. Calculate o(-3).
-221
Let z(f) = -2*f**2 - 84*f - 233. Determine z(-39).
1
Let i(k) = -3*k + 57. Calculate i(21).
-6
Let q(f) = f**3 + 24*f**2 + 18*f - 31. Determine q(-23).
84
Let u(c) = -1409*c + 42271. What is u(30)?
1
Let x(t) = -66*t + 477. Give x(7).
15
Let g(c) = -3*c**3 + c**2. Determine g(2).
-20
Let z(u) = 266*u - 216. What is z(1)?
50
Let g(v) = -2*v**2 - 136*v + 1406. What is g(-77)?
20
Let i(t) = -49*t - 170. Give i(-3).
-23
Let w(m) = 2*m**3 - 80*m**2 + 220*m + 78. Determine w(37).
4
Let l(g) = g**3 + 12*g**2 - 24*g + 138. Give l(-14).
82
Let a(d) = -d**2 + 34*d - 266. What is a(9)?
-41
Let p(n) = -5*n**2 + 10*n + 1. Determine p(8).
-239
Let y(l) = 33*l**2 - 41*l - 51. Determine y(-1).
23
Let d(g) = 11*g - 1334. What is d(116)?
-58
Let f(r) = -173*r - 698. Calculate f(-4).
-6
Let y(k) = -30*k + 452. What is y(4)?
332
Let j(b) = -338*b**2 - 1000*b + 40. Calculate j(-3).
-2
Let c(b) = b**3 + 10*b**2 - 4*b + 82. Determine c(-11).
5
Let i(z) = z**3 + 17*z**2 + 6. Determine i(-17).
6
Let c(d) = -30*d**2 - 173*d + 870. Give c(5).
-745
Let r(d) = 49*d - 1074. Calculate r(21).
-45
Let g(b) = -5*b**2 + 24*b - 4. Calculate g(4).
12
Let z(y) = -183*y - 323. Determine z(-4).
409
Let d(n) = -29*n**3 - 753*n**2 - 82*n - 2805. Calculate d(-26).
3
Let g(d) = -2*d**3 + 8*d**2 - 43*d + 198. What is g(5)?
-67
Let c(m) = -m**3 + 22*m**2 + m - 459. Give c(21).
3
Let f(j) = -8*j**3 + 1303*j**2 + 170*j - 1135. Determine f(163).
6
Let z(s) = 81*s**3 + 3*s**2 - 12*s + 11. Give z(1).
83
Let j(f) = f**2 - 10*f + 18. Determine j(14).
74
Let i(k) = 103*k + 1855. What is i(-18)?
1
Let l(a) = a**3 + 39*a**2 + 369*a + 6. Give l(-16).
-10
Let j(p) = p**2 + 33*p - 351. What is j(-41)?
-23
Let u(n) = n**3 - 12*n**2 + 5*n - 7. Determine u(11).
-73
Let g(v) = v**3 + 118*v**2 - 244*v + 9. Give g(2).
1
Let v(s) = -174*s. Determine v(0).
0
Let i(o) = -7*o**2 + 296*o - 2965. What is i(26)?
-1
Let u(j) = 2*j**3 - j**2 - j - 16. Give u(3).
26
Let b(h) = -1695*h - 3387. Give b(-2).
3
Let c(d) = -6*d - 76. Determine c(-3).
-58
Let m(k) = -48*k**2 - 141*k + 6. Give m(0).
6
Let y(q) = 4*q**2 + 6*q + 36. Calculate y(0).
36
Let z(l) = 3*l**2 - 4*l - 55. Determine z(-4).
9
Let y(b) = 343*b + 1372. Give y(-4).
0
Let g(x) = 9*x**2 - 14*x - 62. Give g(-3).
61
Let f(w) = 4505*w + 36030. Calculate f(-8).
-10
Let y(j) = -18*j**3 + 8*j**2 + 2*j - 2. Give y(2).
-110
Let a(u) = -5*u**3 - 5*u**2 + 3*u + 7. Give a(-4).
235
Let x(y) = -37*y - 1045. What is x(-28)?
-9
Let c(y) = -y**3 + 9*y**2 - 7*y + 3. Calculate c(6).
69
Let n(g) = -g**3 + 19*g**2 + 930*g - 39. Determine n(-22).
-655
Let p(i) = 229*i + 37563. Give p(-164).
7
Let p(b) = -b**2 + 4*b + 6. Give p(5).
1
Let f(s) = -4*s**2 - 24*s + 58. Give f(4).
-102
Let s(a) = 25*a + 359. Calculate s(3).
434
Let z(l) = 42*l - 95. Give z(6).
157
Let u(g) = 6*g**2 + 37*g - 533. Determine u(-13).
0
Let p(b) = -56*b + 996. What is p(19)?
-68
Let n(h) = -h**3 + 7*h**2 + 10. Calculate n(4).
58
Let t(b) = 56*b + 391. Give t(-7).
-1
Let x(r) = 1600*r - 9875. Determine x(6).
-275
Let q(y) = 12*y - 355. Determine q(40).
125
Let d(q) = q**3 - 20*q**2 + 26*q + 2. Calculate d(18).
-178
Let c(t) = 15*t**2 - 396*t + 153. Determine c(26).
-3
Let u(w) = -2*w**3 - 5*w**2 + 26*w + 144. What is u(-6)?
240
Let h(x) = -8*x**2 + 54*x + 69. Determine h(8).
-11
Let r(i) = -1037*i + 150. Give r(1).
-887
Let g(a) = -66*a**3 - 130*a**2 + 3*a + 3. Give g(-2).
5
Let t(u) = -8*u**2 - 194*u + 196. Determine t(1).
-6
Let m(u) = 12*u**2 - 136*u - 65. Calculate m(12).
31
Let i(x) = -x**3 - 9*x**2 + 51*x - 78. Calculate i(-13).
-65
Let j(f) = -349*f - 13556. Determine j(-39).
55
Let l(h) = 50*h + 9192. Give l(-184).
-8
Let v(q) = q**3 + 23*q**2 + 53*q + 8. Calculate v(-2).
-14
Let o(s) = -2*s**2 - 50*s - 10. What is o(-11)?
298
Let s(b) = 7*b - 28. Give s(-10).
-98
Let i(q) = -3*q**2 + 48*q + 1069. What is i(27)?
178
Let k(x) = -88*x**2 - 3*x - 5. Determine k(-1).
-90
Let d(n) = 3*n**2 + 390*n + 1169. Calculate d(-3).
26
Let s(z) = z**3 - 28*z**2 + 39*z - 57. Determine s(26).
-395
Let b(i) = -23*i + 724. Calculate b(31).
11
Let o(f) = f**3 + 15*f**2 - 19*f - 41. Calculate o(-15).
244
Let b(o) = -16*o**2 + 124*o + 23. Determine b(8).
-9
Let w(p) = -74*p + 5539. Calculate w(75).
-11
Let g(u) = -2996*u - 8983. Calculate g(-3).
5
Let z(y) = -y**2 - 3741*y + 120732. Determine z(32).
-4
Let f(n) = n**2 - 29*n - 37. Give f(25).
-137
Let c(u) = -u**2 - 11*u - 31. Give c(-6).
-1
Let g(t) = 126*t + 3020. What is g(-24)?
-4
Let p(j) = 2*j**2 + 157*j - 465. Give p(3).
24
Let d(p) = 2*p**3 + 15*p**2 +